8
What is the remainder when 356467 is divided by 118804?
55
Calculate the remainder when 251870 is divided by 35979.
17
What is the remainder when 8466128 is divided by 34984?
0
What is the remainder when 31847563 is divided by 23?
15
What is the remainder when 30541 is divided by 3030?
241
What is the remainder when 4034690 is divided by 2697?
2675
Calculate the remainder when 66367761 is divided by 4167.
4119
Calculate the remainder when 43305316 is divided by 222.
220
What is the remainder when 1885245 is divided by 183?
162
What is the remainder when 310123 is divided by 310076?
47
What is the remainder when 265584 is divided by 14750?
84
Calculate the remainder when 579527 is divided by 144735.
587
Calculate the remainder when 44685526 is divided by 9583.
9580
Calculate the remainder when 259492 is divided by 99.
13
Calculate the remainder when 2430657 is divided by 810213.
18
What is the remainder when 7935909 is divided by 145?
59
Calculate the remainder when 136442 is divided by 198.
20
What is the remainder when 32975 is divided by 3994?
1023
Calculate the remainder when 9510 is divided by 78.
72
Calculate the remainder when 24885 is divided by 24294.
591
What is the remainder when 72950 is divided by 21804?
7538
Calculate the remainder when 55213 is divided by 18083.
964
Calculate the remainder when 41868762 is divided by 41868756.
6
Calculate the remainder when 340735 is divided by 56788.
7
What is the remainder when 11855543 is divided by 160210?
3
What is the remainder when 15356021 is divided by 603?
23
What is the remainder when 352620 is divided by 5185?
40
What is the remainder when 38703 is divided by 1025?
778
What is the remainder when 2836770 is divided by 1340?
1330
What is the remainder when 5813709 is divided by 8?
5
Calculate the remainder when 55053 is divided by 6836.
365
Calculate the remainder when 222427 is divided by 3273.
3136
What is the remainder when 761432 is divided by 21755?
7
Calculate the remainder when 181496 is divided by 2109.
122
What is the remainder when 3724154 is divided by 1422?
1358
Calculate the remainder when 77290738 is divided by 176.
162
What is the remainder when 86062494 is divided by 19?
18
What is the remainder when 3688672 is divided by 1229364?
580
What is the remainder when 61145033 is divided by 4560?
4553
Calculate the remainder when 1252376 is divided by 683.
437
What is the remainder when 3398719 is divided by 1131515?
4174
What is the remainder when 2467388 is divided by 697?
8
What is the remainder when 811650 is divided by 47744?
2
Calculate the remainder when 16420 is divided by 4040.
260
Calculate the remainder when 1049143 is divided by 89.
11
What is the remainder when 155372613 is divided by 2884?
2881
What is the remainder when 52096 is divided by 3521?
2802
What is the remainder when 111228 is divided by 18508?
180
What is the remainder when 12414591 is divided by 3261?
3225
Calculate the remainder when 17962123 is divided by 403.
10
What is the remainder when 1767292 is divided by 195?
7
What is the remainder when 3986306 is divided by 336?
2
Calculate the remainder when 267017926 is divided by 66754481.
2
Calculate the remainder when 2486371535 is divided by 1142.
1141
What is the remainder when 1141399 is divided by 25?
24
What is the remainder when 9011917 is divided by 3003964?
25
What is the remainder when 220014 is divided by 17407?
11130
Calculate the remainder when 229653 is divided by 38273.
15
What is the remainder when 1310038 is divided by 3819?
121
Calculate the remainder when 1189107 is divided by 37.
1
What is the remainder when 102877 is divided by 719?
60
What is the remainder when 160136936 is divided by 68?
64
Calculate the remainder when 3438980 is divided by 169.
168
What is the remainder when 256785 is divided by 255288?
1497
Calculate the remainder when 3120207 is divided by 83.
71
What is the remainder when 31864 is divided by 1661?
305
Calculate the remainder when 4655423 is divided by 20329.
82
What is the remainder when 56978 is divided by 2187?
116
Calculate the remainder when 6832685 is divided by 124.
37
What is the remainder when 89424279 is divided by 222?
15
What is the remainder when 20404 is divided by 2123?
1297
What is the remainder when 711158 is divided by 405?
383
Calculate the remainder when 3269319 is divided by 1089773.
0
What is the remainder when 37142 is divided by 130?
92
Calculate the remainder when 77213 is divided by 4643.
2925
What is the remainder when 352064 is divided by 6895?
419
Calculate the remainder when 9685964 is divided by 1165.
154
What is the remainder when 398782 is divided by 66290?
1042
What is the remainder when 380262 is divided by 123?
69
Calculate the remainder when 139431376 is divided by 8.
0
Calculate the remainder when 1641824 is divided by 234532.
100
What is the remainder when 86607135 is divided by 28?
27
What is the remainder when 2897481 is divided by 429?
15
Calculate the remainder when 144448484 is divided by 1647.
1643
What is the remainder when 115724482 is divided by 108?
106
What is the remainder when 15219554 is divided by 62?
42
Calculate the remainder when 28768 is divided by 1928.
1776
What is the remainder when 55214 is divided by 378?
26
Calculate the remainder when 4526072 is divided by 565758.
8
Calculate the remainder when 843013 is divided by 52681.
117
Calculate the remainder when 7497980 is divided by 48.
44
What is the remainder when 56574145 is divided by 3535884?
1
What is the remainder when 50635 is divided by 3332?
655
Calculate the remainder when 15650009 is divided by 26.
11
What is the remainder when 366693 is divided by 628?
569
What is the remainder when 67853 is divided by 968?
93
Calculate the remainder when 205696 is divided by 2817.
55
Calculate the remainder when 26219416 is divided by 4022.
4020
Calculate the remainder when 56766 is divided by 1323.
1200
What is the remainder when 96620 is divided by 6547?
4962
What is the remainder when 158387 is divided by 14309?
988
What is the remainder when 236805 is divided by 78900?
105
Calculate the remainder when 550420 is divided by 76.
28
Calculate the remainder when 42244542 is divided by 1604.
1598
Calculate the remainder when 23820340 is divided by 11740.
11620
What is the remainder when 1139959 is divided by 64?
55
What is the remainder when 1149600 is divided by 1491?
39
What is the remainder when 3599 is divided by 1834?
1765
What is the remainder when 8023841 is divided by 57?
8
Calculate the remainder when 17221720 is divided by 5754.
5752
What is the remainder when 4258072 is divided by 512?
280
Calculate the remainder when 3991698 is divided by 2306.
12
Calculate the remainder when 23774 is divided by 11113.
1548
What is the remainder when 48572492 is divided by 1214311?
52
What is the remainder when 3414955 is divided by 265?
165
What is the remainder when 48390429 is divided by 66?
21
What is the remainder when 17033364 is divided by 50998?
32
Calculate the remainder when 30932875 is divided by 140.
15
Calculate the remainder when 11966283 is divided by 82.
23
Calculate the remainder when 26782383 is divided by 2434755.
78
What is the remainder when 487067 is divided by 4774?
119
Calculate the remainder when 225706 is divided by 243.
202
What is the remainder when 142640224 is divided by 16?
0
Calculate the remainder when 1502862 is divided by 1702.
1698
Calculate the remainder when 157097 is divided by 4133.
43
What is the remainder when 8462060 is divided by 3?
2
Calculate the remainder when 160254424 is divided by 5045.
5044
Calculate the remainder when 386864 is divided by 1675.
1614
What is the remainder when 337091 is divided by 166658?
3775
Calculate the remainder when 236003 is divided by 13877.
94
What is the remainder when 30820 is divided by 5906?
1290
What is the remainder when 2848411 is divided by 618?
49
What is the remainder when 5201438 is divided by 37153?
18
What is the remainder when 67503 is divided by 33381?
741
Calculate the remainder when 171803 is divided by 867.
137
Calculate the remainder when 918118 is divided by 41725.
168
What is the remainder when 70299 is divided by 4651?
534
What is the remainder when 447761 is divided by 111938?
9
Calculate the remainder when 1